3) a composite number?
True
Let i = 10524 + -7254. Let l be 6 + ((-4)/(-22) - 35/11). Suppose 3*q = -l*q + i. Is q a composite number?
True
Suppose 0 = -5*y + 3*y + 4. Suppose -y*j + 555 = j. Is j a composite number?
True
Let t(r) = r**2 - 3*r - 3. Let v be (-40)/(-12)*(-12)/(-10). Let o be (1*-1)/(v/(-32)). Is t(o) prime?
True
Is 3/3*17041 - (-6)/(-3) a composite number?
True
Let c(f) = f**3 - 22*f**2 + 53*f - 45. Let u be 4/6 + 0 + 201/9. Is c(u) prime?
False
Is (-1876)/(-42)*(-33)/(-2) a prime number?
False
Let u(s) = 72*s + 2. Let t be u(-2). Is 0 + 4/((-8)/t) prime?
True
Let n be 496*168/49 - 8/14. Let i = n + -481. Is i prime?
False
Suppose -h + 1116 = 4*a, 16 = 4*h - 0*h. Is a composite?
True
Let d = -33 + 37. Suppose -d*k + 2150 = 514. Is k composite?
False
Suppose 0 = -2*y + 2*m + 14, 5*y + m - 27 = 4*m. Suppose 0 = -2*v + y*v + 2*h - 1893, -h = 2*v - 3780. Is v composite?
False
Suppose 4*o + 27 = 11. Let l = o + -6. Let g(m) = 7*m**2 + 15*m + 7. Is g(l) composite?
False
Let h be -4 + 2*8/((-48)/(-18)). Let a be 6/9 - 2/3. Suppose 0 = -h*d - a*d + 3*t + 178, d + 4*t - 111 = 0. Is d composite?
True
Let g be (-70)/21*(-12)/(-5). Let j be 149/(4/g*-2). Suppose o = 2*o - j. Is o prime?
True
Let n = 13 + -16. Let u(t) = -t**2 - 4*t + 2. Let m be u(n). Suppose -2*a + 323 = 5*h, -m*a + 750 = -0*a + h. Is a composite?
False
Let j = -22 + 34. Let d(y) = -y**3 + 12*y**2 + 12*y + 3. Let x be d(j). Let g = -68 + x. Is g a prime number?
True
Let s(m) = 138*m**2 + 26*m + 181. Is s(-25) prime?
True
Let q = 1257 - 270. Let x = q + 272. Is x prime?
True
Is 2*((-53850)/(-108) - 1/9) composite?
False
Let n(z) = -5*z**3 - z**2 - 2*z - 1. Let c be n(-1). Suppose -c*y = -0*y - 20. Suppose g - y*t = 85, -5*g + 0*g = 3*t - 448. Is g prime?
True
Let n(p) = 2*p**2 + p - 1. Let g = -3 - -1. Let c be n(g). Let o(l) = 3*l**2 - 3*l - 1. Is o(c) a composite number?
False
Suppose -5 = 5*u, 2*u + 4 = 3*i + 2. Let t(b) = 4*b**2 + 2*b**2 - 6*b**2 - b**2 + 119 - b. Is t(i) composite?
True
Suppose 4 + 11 = 5*h. Suppose h*m - 68 = 10. Is 6/(-39) + 238/m prime?
False
Is 4 + -4 + (-3 - -3779 - -3) composite?
False
Let c be (10/(-14) - -1) + 310134/(-462). Let p = 1680 + c. Is p a prime number?
True
Suppose -41*w + 496874 = -27*w. Is w prime?
True
Let x(q) = -q**2 + 6*q. Let o(y) = 3*y**2 - 13*y + 1. Let v(k) = -4*o(k) - 10*x(k). Let t be v(-3). Let h(d) = 156*d**2 - d + 1. Is h(t) composite?
True
Suppose -43*m + 648 = -47*m. Let s = -97 - m. Is s a prime number?
False
Suppose -10*y + 6*y + 4*s = 8, 0 = 4*y + s - 2. Suppose j - 6 = -m, 0 = -0*m - 4*m + 12. Suppose j*h - 452 = -i - i, 4*i + 5*h - 902 = y. Is i a prime number?
True
Suppose 75*y - 31548 = 63*y. Is y prime?
False
Suppose 0 = 5*o + 2*x - 27, -o - 4*x = x - 10. Suppose -7*u + 2*u - o = 0, -5*u = -2*z + 1363. Is z a composite number?
True
Suppose -4*w = 8 - 120. Let m be 2/(-8) + 3339/w. Suppose 0 = -7*b + 364 + m. Is b composite?
True
Let o(z) = 41*z**2 + 5*z + 12. Let a be o(-5). Let y = a - 563. Is y a prime number?
True
Let a = -3222 - -6109. Is a composite?
False
Let m = 9 + -7. Suppose h + 2*a = -4*h + 6, 4*a = -3*h + 12. Suppose -4*w - c + 1729 = h, 5*c - 15 = m*c. Is w a composite number?
False
Let d(w) = -w - 3. Let f = 4 - 11. Let s be d(f). Suppose 5*i - 725 = -s*n, -i - n = 3*i - 591. Is i a composite number?
False
Let s = 235 + -100. Let v = s - -158. Is v a prime number?
True
Suppose -k + 0 - 2 = 0, -52097 = -5*o - 4*k. Is o a prime number?
False
Suppose 3*j = -2 - 10, j = t - 13. Suppose -t*v - 53 + 242 = 0. Is v composite?
True
Suppose -s + 5*j + 9186 - 2873 = 0, -2*j + 12650 = 2*s. Is s a composite number?
False
Let t(r) = r**3 - 5*r**2 + 7*r - 10. Let n be t(4). Suppose -65 = -m + 4*h, -m - n*m = 5*h - 246. Is m a composite number?
True
Let m(l) = -l**3 + 23*l**2 - 23*l + 27. Let g be m(22). Suppose -g*a = -15*a + 24490. Is a a composite number?
True
Let n = 94 + -91. Suppose -4*w - 2*a + 606 = 0, -275 - 152 = -n*w + 4*a. Is w a composite number?
False
Let k = 18 - 19. Let s be (-1 + 0 + k)*-1. Suppose -3*n - s*n - m + 560 = 0, -5*m + 25 = 0. Is n a prime number?
False
Suppose -5*f = 2*s - 107177, 28*f = -s + 31*f + 53594. Is s a composite number?
False
Let i = -39 + 38. Is (0 + i)/(((-3)/(-1))/(-2757)) a prime number?
True
Suppose 0 = 4*a + 24 + 40. Let g(z) = z**2 - 10*z - 34. Let y be g(a). Suppose -2*x = -0*x - y. Is x composite?
False
Suppose -72*k - 287320 = -160*k. Is k prime?
False
Let u = 36 - 51. Is (-6111)/u + (-1)/(20/8) composite?
True
Suppose 0*f - 9704 = 2*s - f, s = -f - 4855. Let u = s + 7093. Suppose -5*g + b + u = 0, 8*b - 2270 = -5*g + 3*b. Is g a composite number?
False
Let d(k) = -421*k**3 + k**2 - 5*k + 4. Let c be d(1). Let l = 2460 + c. Is l a prime number?
True
Is (-10)/5*3/6*-6697 a prime number?
False
Suppose 2*f - 57 = -f. Suppose l - 5 + 1 = 0. Let a = f + l. Is a a prime number?
True
Let c(j) = j - 5. Let q be c(0). Is (-4 - q)*(-9865)/(-5) a prime number?
True
Let v(i) = -i**2 - 12*i + 19. Let m be v(-13). Suppose -x - 530 = -m*x. Is x a composite number?
True
Suppose -2*y = y + 39. Let f be ((-2)/(-8))/((-2)/(-8)). Is f + y/(-3 - -2) a composite number?
True
Let u = 92 + -87. Suppose 4*w = -b + u*w + 88, -15 = -5*w. Is b prime?
False
Suppose 10 = 2*k + 8. Is 3453*k/12*4 prime?
True
Suppose q - 3*d - 11 = 0, -3*d + 6 = -5*d. Suppose -q*p + 0*p = -500. Suppose -5*n + 337 = 3*f, -3*f + p = -f - 3*n. Is f composite?
True
Let p(z) = -2 + 3*z**3 - 2*z**3 + 1 - 2 - 2*z. Is p(4) composite?
False
Let y(q) = -27*q - 3. Let g(v) = -1. Let n be 24/18*(-3)/(-2). Let p(i) = n*g(i) - y(i). Is p(6) prime?
True
Suppose -309515 - 992446 = -69*x. Is x composite?
False
Let j(t) = -t**3 + 30*t**2 + 3*t + 38. Is j(24) prime?
False
Let k be -6*5/4*6. Let i = 19 + k. Let c = i - -65. Is c a prime number?
False
Let w(c) = -8 + 9 - 3 - 13*c - 15 + 23*c**2. Is w(-6) composite?
True
Let o = 1287 - -851. Is o a composite number?
True
Suppose 2*j = 4*j + 2. Let q = j + 146. Is q prime?
False
Suppose 2*b - 3*b = 0. Suppose 5*v = -5*f + 10, f + 2*f + 2*v - 5 = b. Let z(g) = 84*g**2 - 2*g + 1. Is z(f) prime?
True
Let s = 154770 + 431. Is s a prime number?
True
Let b(i) = -3601*i - 25. Is b(-2) a prime number?
True
Suppose -5*q = -5 - 10. Let j = q - 4. Is ((223/j)/1)/(-1) composite?
False
Let d = 49 + -26. Is d a composite number?
False
Is (5/10)/((-2)/(-36220)) composite?
True
Suppose -6*b + 3*b = -15. Suppose 4*c = -c, 163 = a - b*c. Is a a prime number?
True
Let z = 539 + -334. Is z a prime number?
False
Suppose t - 3*t = 6. Let g(j) = 196*j**2 - 5. Is g(t) a composite number?
False
Suppose -185 = -2*l + 2071. Suppose 976 + l = 4*k. Is k prime?
False
Let r be (-6)/7*(-84)/18. Let u be 2*1 + (r - 3). Suppose -g - m + 92 = -2*m, 452 = 5*g + u*m. Is g a composite number?
True
Let f(o) = o**3 + o**2 - 3*o + 3. Let l be f(2). Let a = 14 - l. Suppose -2*m = -a*k - 0*m + 426, -2*k + 168 = -2*m. Is k composite?
True
Let z(b) = -b**3 - 12*b**2 + 14*b + 15. Let j = 20 + -34. Is z(j) a composite number?
False
Let x(t) = 339*t - 74. Is x(21) a composite number?
True
Let r = 10997 - 5850. Is r prime?
True
Let g(s) = 3*s**2 + 8*s - 2. Let y be g(6). Suppose 9*m + 575 = 34*m. Let n = y + m. Is n prime?
False
Let s(u) = 927*u + 131. Is s(16) a prime number?
False
Let f(o) = -o**2 + 7*o - 7. Let d be f(5). Let k(i) be the second derivative of 7*i**4/3 + 2*i**3/3 - i**2/2 + i - 22. Is k(d) composite?
False
Let y = -111 + 47. Let o = 173 + y. Is o a prime number?
True
Suppose 2*x - 4 = -a, 2*a + 4 = a. Let u(k) = 108*k + 6. Let p be u(x). Let y = -235 + p. Is y composite?
True
Let p be (-6)/(-2)*83*1. Let h = -336 - -166. Let k = h + p. Is k a prime number?
True
Let x = 630 - -821. Is x prime?
True
Let z(g) = 31 + 6*g**2 + 12*g - 14 + 9. Is z(-8) prime?
False
Suppose 235702 - 2457747 = -35*x. Is x a composite number?
False
Let r(n) = n**2 - 5*n + 1. Let g be r(5). Is g + (2 - (-104 + -2)) prime?
True
Let v(k) = 9*k**2 - 3*k + 5. Suppose 4*i = -5*s - 0*s + 10, 2*i - 12 = s. Is v(i) a composite number?
True
Suppose -8*w - 110 = -3*q - 4*w, 0 = -2*q - 2*w + 64. Suppose 4*x + l = 33 - 5, 0 = 5*x + l - q. Is 2/x - (-3920)/21 a prime number?
False
Let c be 3/(-1)*((-320)/12)/5. Suppose -2*d + 3*v + c = 3, -3*v - 2